{"id":698,"date":"2020-03-21T20:46:25","date_gmt":"2020-03-21T20:46:25","guid":{"rendered":"https:\/\/zupa.kosute.com.hr\/?page_id=698"},"modified":"2020-03-21T21:06:40","modified_gmt":"2020-03-21T21:06:40","slug":"samostalna-zupa-kosute-dio-3-izgradnja-groblja-i-mrtvacnice-u-kosutama","status":"publish","type":"page","link":"https:\/\/zupa.kosute.com.hr\/index.php\/samostalna-zupa-kosute-dio-3-izgradnja-groblja-i-mrtvacnice-u-kosutama\/","title":{"rendered":"SAMOSTALNA \u017dUPA KO\u0160UTE (DIO 3.): Izgradnja groblja i mrtva\u010dnice u Ko\u0161utama"},"content":{"rendered":"<!-- VideographyWP Plugin Message: Automatic video embedding prevented by plugin options. -->\n\n<p>Nakon 40 (!) godina i\u0161\u010dekivanja selo Ko\u0161ute ima novo groblje, mrtva\u010dnicu, crkvu i pastoralni centar. Zahvaljuju\u0107i mje\u0161tanima u selu i po svijetu, voditeljima Mjesnog odbora Ko\u0161ute, \u017eupnicima \u017eupe Sv. Mihovila arkan\u0111ela, Splitsko-makarskoj nadbiskupiji, Gradu Trilju i brojnim dobro\u010diniteljima, u sredi\u0161tu sela, na lokalitetu&nbsp;<em>Metline (<\/em>prema travi koja se koristila za izradu metle), na povr\u0161ini od 22. 981 m2&nbsp;<strong><em>od mje\u0161tana<\/em>&nbsp;darovanog zemlji\u0161ta<\/strong>&nbsp;(K. O. Ko\u0161ute, broj parcele 610\/1), u razdoblju od ljeta 1998. do 15. lipnja 2007. godine izgra\u0111ene su spomenute gra\u0111evine.<\/p>\n\n\n\n<p>Udaljenost od Trilja i prepunjenost zajedni\u010dkog triljskog groblja potakli su mje\u0161tane na gradnju primjerenijih prostora, i to u Ko\u0161utama.<\/p>\n\n\n\n<p>Dana 21. o\u017eujka 1996. na Op\u0107inskom sudu u Sinju, zahvaljuju\u0107i slo\u017enosti Ko\u0161u\u0107ana i \u017eupniku don Mirku Skeji\u0107u, brojne zemlji\u0161ne parcele mje\u0161tana prene\u0161ene su u vlasni\u0161tvo \u017eupe Sv. Mihovila arkan\u0111ela (Nadbiskupija splitsko-makarska), s ciljem da se namjene za op\u0107e dobro sela Ko\u0161uta. Odluka o prijenosu zemlji\u0161ta zbog sitnih nepotpunosti dobila je kona\u010dan oblik 26. lipnja 1997. godine.<\/p>\n\n\n\n<figure class=\"wp-block-image\"><img src=\"https:\/\/www.kosute.hr\/wp-content\/uploads\/2018\/06\/Metline-7.-IX.-2003.-f.-J.-Duki%C4%87.jpg\" alt=\"Novo groblje i mrtva\u010dnica na Metlinama, 7. IX. 2003. (f. J. Duki\u0107)\" class=\"wp-image-446\"\/><figcaption>Novo groblje i mrtva\u010dnica na Metlinama, 7. IX. 2003. (f. J. Duki\u0107)<\/figcaption><\/figure>\n\n\n\n<h4>Izgradnja groblja<\/h4>\n\n\n\n<p>Dana 30. srpnja 1998. na sjednici MO Ko\u0161ute done\u0161en je zaklju\u010dak \u201cda se zbog nemogu\u0107ih uvjeta na triljskom groblju treba \u0161to prije razmotriti lokacija za novo groblje u Ko\u0161utama\u201d. Prema rezultatima provedene ankete apsolutna ve\u0107ina u selu izjasnila se za gradnju groblja na lokaciji Metline. \u0160tovi\u0161e, \u017eelja je pro\u0161irena na izgradnju mrtva\u010dnice, mjesne crkve i drugih sadr\u017eaja za op\u0107e dobro mjesta.<\/p>\n\n\n\n<p>U zimu 1998. don Ante \u010cip\u010di\u0107 je organizirao probijanje puta od \u0161kole prema Metlinama i ravnanje terena za budu\u0107e objekte.<\/p>\n\n\n\n<p>Sljede\u0107i korak dogodio se u o\u017eujku 2000. godine, kada je na sastanku MO Ko\u0161ute done\u0161ena odluka da se sazove zbor mje\u0161tana i izabere Inicijativni odbor za gradnju groblja i mrtva\u010dnice. Zbor mje\u0161tana je odr\u017ean u nedjelju 2. travnja 2000. ispred mjesne \u0161kole u Ko\u0161utama. Na sastanku je osnovan Inicijativni odbor u sastavu: Nede Baki\u0107, Viktor Dodig, Nediljko Duki\u0107 (Ne\u0111o), Nediljko Duki\u0107 (Neno), Pavao (Zoran) Duki\u0107, \u0106iro Ivi\u0161i\u0107, Ivan Ka\u017eimir, Frano Klape\u017e, Nikola Knezovi\u0107-\u017duro, Marinko Krnja\u010da, Miljenko Mari\u0107, Luka Mateljan, Damir Odrljin, Frano Odrljin, Mladen Odrljin, Stipe Odrljin (Stipica), Josip Prcela (Joko), Josip \u017dolo. Na sastanku je postignut dogovor o izgradnji ogradnog zida oko groblja, koju \u0107e svako ku\u0107anstvo trebati poduprijeti iznosom od 150 DM. Ne\u0161to poslije, u Odbor su u\u010dlanjeni Dra\u017een Deli\u0107, Viktor Duki\u0107 i \u0106iril Klape\u017e.<\/p>\n\n\n\n<p>Dana 4. travnja 2000. godine odr\u017ean je prvi sastanak Inicijativnog odbora na kojemu je izvr\u0161en izbor vodstva Odbora (Miljenko Mari\u0107, predsjednik, Josip \u017dolo,&nbsp;potpredsjednik, Pavao (Zoran) Duki\u0107, tajnik), i done\u0161ene su odluke da se otvori \u017eiro- ra\u010dun u Splitskoj banci i provede anketa radi to\u010dnog utvr\u0111ivanja zainteresiranih za gradnju.<\/p>\n\n\n\n<p>Prema rezultatima ankete, provedene 6. travnja 2000., to\u010dno 289 ku\u0107anstava izjasnilo se potvrdno za gradnju i tip grobnice. Nakon toga se pristupilo pripremnim radnjama, mjerenju zemlji\u0161ta i izradi idejnog rje\u0161enja. Te poslove stru\u010dno i marljivo napravio je dipl. ing. gra\u0111. Josip Prcela.<\/p>\n\n\n\n<p>Dana 4. svibnja 2000. odr\u017ean je u Trilju sastanak Inicijativnog odbora s gradona\u010delnikom Trilja gosp. Jozom Sara\u010dem, \u010dlanom gradske uprave gosp. Markom \u017dupom i \u017eupnikom don Antom \u010cip\u010di\u0107em. Dana 17. listopada 2000, na prijedlog predsjednika Inicijativnog odbora, svi prisutni \u010dlanovi su se usuglasili i odlu\u010dili da se krene s gradnjom groblja te da se u me\u0111uvremenu zapo\u010dne prikupljanje dokumentacije koja je potrebna za izdavanje odre\u0111enih dozvola. Zahtjev za dodjelu dozvole Gradsko poglavarstvo grada Trilja predalo je Uredu za prostorno ure\u0111enje \u2013 Ispostava Sinj, odakle je 6. studenoga 2000. poslana odbijenica uz obrazlo\u017eenje da se navedena \u010destica zemlje nalazi \u201cunutar granica gra\u0111evinskog podru\u010dja naselja\u201d.<\/p>\n\n\n\n<p>Unato\u010d zabrani gradnje, pritisnut pote\u0161ko\u0107ama oko ukopa u Trilju i imaju\u0107i u vidu plebiscitarnu odluku Ko\u0161u\u0107ana, Inicijativni odbor (18 \u010dlanova zajedno s Mjesnim&nbsp;odborom) je 10. studenoga 2000. donio odluku o po\u010detku gradnje mjesnog groblja u Ko\u0161utama. Dana 17. studenoga 2000. predstavljen je Prijedlog o internom natje\u010daju, podijeljena je projektna dokumentacija poduzetnicima radi ponuda za gradnju zida oko groblja. Do 30. studenoga 2000. pristiglo je 13 ponuda. Najbolju ponudu dao&nbsp;je gosp. Milan Luki\u0107 iz Trilja u vrijednosti 31.000 DM. Nakon dopunskih stavki u Projektu (kaskade na zidovima i drena\u017eni jarak oko zida), dana 19. o\u017eujka 2001. ponuda je dopunjena i zaokru\u017eena na iznos od 35.000 DM.<\/p>\n\n\n\n<p>Kona\u010dno, 4. travnja 2001. zapo\u010dela je izgradnja ogradnog zida groblja u Ko\u0161utama. Zid je dovr\u0161en krajem svibnja 2001. Krajem lipnja iste godine gosp. Milanu Luki\u0107u ispla\u0107en je cijeli iznos za dogovorene poslove. Nadalje, dana 15. lipnja 2001. raspisan je interni natje\u010daj za izgradnju grobnica. Krajem lipnja pristiglo je 5 ponuda. Na Zboru mje\u0161tana, odr\u017eanom u \u0161koli u Ko\u0161utama 1. srpnja 2000., done\u0161ena je odluka o izboru najboljeg ponu\u0111a\u010da za izradu unutra\u0161njosti groblja, odnosno obiteljskih grobnica. Posao je dodijeljen poduze\u0107u Vele vode d.o.o. gosp. An\u0111elka Odrljina (Brace), rodom iz Ko\u0161uta.<\/p>\n\n\n\n<p>Dana 7. listopada 2001. obavljen je prvi ukop u mjesnom groblju u Ko\u0161utama. Toga dana, prema osobnoj \u017eelji pokojnika i njegovih roditelja, koji su mjestu darovali dio zemlje, ukopan je iznenada preminuli don Josip Duki\u0107 (Raba), \u017eupnik Kru\u0161vara. Sv. misu i pokop predvodio je nadbiskup u miru msgr. Ante Juri\u0107, u prisutnosti 100-tinjak sve\u0107enika i velikog mno\u0161tva vjernika.<\/p>\n\n\n\n<p>Do 15. velja\u010de 2002. izgra\u0111eno je 45 grobnica, dok se ostalih 75 zapo\u010delo graditi. Sve obitelji, osim onih koje su poklonile zemlji\u0161te, trebale su za grobno mjesto uplatiti 300,00 DM. Za Mali Uskrs, 7. travnja 2002, uprili\u010dena je dodjela 87 napravljenih grobnica na zapadnoj (gornjoj) strani groblja. Nakon toga, 11. studenoga 2002, nastavilo se iskopavanje donjeg dijela groblja (istok) i dovo\u017eenje 10 kamiona darovanog materijala iz Hrvaca, \u0161to je nadoknada za odve\u017eenu zemlju iz Metlina, za igrali\u0161te u Hrvacama.<\/p>\n\n\n\n<p>Dana 18. srpnja 2002, na pet rubnih stupova ogradnog zida, radnici kamenoklesarske radionice iz Turjaka postavili su pet an\u0111ela koje su darovali sve\u0107enici iz Ko\u0161uta: don Dra\u017een Duki\u0107, don Josip Duki\u0107 ml, don Stipe-\u0106ipa Duki\u0107, fra Tomislav Duki\u0107 i don Ante Mateljan. Dana 24. listopada 2003. nasipani su putovi u gornjem dijelu groblja i posijana je trava. Do 19. velja\u010de 2004. izgra\u0111eno je 200 grobnica. Dvoja vrata na groblju darovao je Grad Trilj, kao i plo\u010de za glavne staze. Poplo\u010davanje staza se privodilo kraju 8. lipnja 2007. godine.<\/p>\n\n\n\n<p>Prema kona\u010dnim podatcima Inicijativnog odbora, u groblju je sveukupno predvi\u0111ena izrada 280 grobnica. Do sada je gotova 271 grobnica, a 9 ih jo\u0161 treba izgraditi. Valja napomenuti da su sve grobnice zauzete. Osobe koje su se naknadno javile trebaju pri\u010dekati neko vrijeme jer postoji mogu\u0107nost pro\u0161irenja groblja.<\/p>\n\n\n\n<h4>Izgradnja mrtva\u010dnice<\/h4>\n\n\n\n<p>Dana 11. listopada 2001. voditelj Inicijativnog odbora gosp. Frano Klape\u017e dao je prijedlog da se krene u izradu projektne dokumentacije za gradnju mrtva\u010dnice, \u0161to se ostvarilo 21. o\u017eujka 2002. Projekt je izradio dipl. ing. gra\u0111. Josip Prcela. Dana 5. travnja 2002. krenulo se u projekt ra\u010dunaju\u0107i na sredstva koja su prikupljena od uplata za grobna mjesta. Malo poslije, 20. travnja 2002., nakon \u0161to je gosp. Josip Prcela izradio tro\u0161kovnik radova, napravljena je pogodba s poduze\u0107em Vele Vode d.o.o. za cijenu grubih radova u iznosu od 42.510 DM. U svibnju 2002. zapo\u010deli su radovi na izgradnji mrtva\u010dnice.<\/p>\n\n\n\n<p>Dana 8. lipnja 2002. done\u0161ena je odluka da svako doma\u0107instvo uplati 500,00 kn za izgradnju mrtva\u010dnice. U lipnju 2002. Ko\u0161u\u0107ani koji \u017eive u \u0160vicarskoj su uprili\u010dili dobrotvornu ve\u010der na kojoj je gostovala klapa Sinj. Prihod od koncerta i dragovoljni prilozi 23 Ko\u0161u\u0107ana u iznosu od 9.900 CHF upla\u0107eni su na ra\u010dun Inicijativnog odbora. Od tog novca 7. travnja 2003. kupljen je hladnjak za mrtva\u010dnicu.<\/p>\n\n\n\n<p>Dana 18. rujna 2002. \u0160kolske sestre franjevke Krista Kralja \u2013 Provincija Presvetog Srca Isusova iz Splita, darovale su 12 paleta crijepa za pokrivanje mrtva\u010dnice te 500,00 EUR-a, koje su poslane na adresu \u017eupnika uz popratno pismo. Sredstva su preuzeta i stavljena na \u017eiro ra\u010dun Inicijativnog odbora, a crijep dove\u017een iz Splita. Prijevoz je besplatno obavio Dra\u017een Masteli\u0107, privatni prijevoznik iz Ko\u0161uta, i Ivica Sokol, privatni prijevoznik iz Trilja.<\/p>\n\n\n\n<p>Gradsko poglavarstvo Grada Trilja je 27. rujna 2002. uru\u010dilo&nbsp;<em>Povelju grada Trilja za 2002. god.<\/em>&nbsp;Inicijativnom odboru za gradnju groblja i mrtva\u010dnice u Ko\u0161utama \u201cza uspje\u0161nu organizaciju, samozatajan rad i u\u010dinkovitost u realizaciji izgradnje groblja i mrtva\u010dnice u Ko\u0161utama\u201d.<\/p>\n\n\n\n<p>Dana 4. listopada 2002. dogovorena je ugradnja i pla\u0107anje prozora i vrata s Antom Dodigom (Almont, Ko\u0161ute). Elektro i vodoinstalacije u mrtva\u010dnici besplatno su ugradili mje\u0161tani Vinko Krnja\u010da i Nikica Klape\u017e, i mnogi drugi.<\/p>\n\n\n\n<p>Nakon ugrubo dovr\u0161enih radova, 7. prosinca 2002., upla\u0107ena su sredstva poduze\u0107u Vele vode d.o.o. U sljede\u0107oj godini, 30. sije\u010dnja 2003., s istim poduze\u0107em dogovoreni su zavr\u0161ni radovi: izgradnja krova nad nadstre\u0161nicom, vanjske fasade, unutarnjih zidova i septi\u010dke jame. Dana 28. velja\u010de 2003. postignut je dogovor o vrijednosti radova u visini 117.500,00 kn.<\/p>\n\n\n\n<p>Poduze\u0107e Deli\u0107 M. iz Ko\u0161uta darovalo je drvenu gra\u0111u za krov nad nastre\u0161nicom. Grad Trilj je darovao kamen za pod u kapelici, u mrtva\u010dnici, oko mrtva\u010dnice, i plo\u010dice za popratne prostorije. Kamen iz Dolca doveo je 23. svibnja gosp. Dra\u017een&nbsp;Masteli\u0107. Dana 21. o\u017eujka 2003. Dra\u017een Deli\u0107 je osigurao dovoz dva kamiona materijala za drena\u017eu. Do 19. velja\u010de 2004. izgra\u0111ena je nova trafostanica i postavljena javna rasvjeta.<\/p>\n\n\n\n<p>Povodom manifestacije Dani Sv. Mihovila 2004., dana 25. rujna u 11 sati, uprili\u010deno je otvaranje i blagoslov novoizgra\u0111ene mrtva\u010dnice. Nazo\u010dnima su se obratili \u017eupnik i cetinski dekan don Stipe Ljubas i gradona\u010delnik Jozo Sara\u010d, koji je zajedno s predsjednikom Inicijativnog odbora gosp. Franom Klape\u017eom, slu\u017ebeno otvorio mrtva\u010dnicu. Nakon otvaranja uslijedila je prigodna zakuska i slavlje.<\/p>\n\n\n\n<p>Prostorije mrtva\u010dnice su prvi put kori\u0161tene 1. listopada 2004. Nakon te\u0161ke bolesti i smrti, tijelo gosp. Ante Zupca prene\u0161eno je u mrtva\u010dnicu, gdje je odr\u017eana sv. misa zadu\u0161nica i obred sprovoda.<\/p>\n\n\n\n<p><em>Tekst i fotografije preuzeti iz: Duki\u0107, J., Duki\u0107, V., Mari\u0107, M., \u017dolo, I. (ur.) (2017.)&nbsp;Mala povijest Ko\u0161uta, Ko\u0161ute: Kulturno dru\u0161tvo Trilj,&nbsp;\u017dupa Presvetog Srca Isusova, Ko\u0161ute.<\/em><\/p>\n","protected":false},"excerpt":{"rendered":"<p>Nakon 40 (!) godina i\u0161\u010dekivanja selo Ko\u0161ute ima novo groblje, mrtva\u010dnicu, crkvu i pastoralni centar. Zahvaljuju\u0107i mje\u0161tanima u selu i po svijetu, voditeljima Mjesnog odbora Ko\u0161ute, \u017eupnicima \u017eupe Sv. Mihovila arkan\u0111ela, Splitsko-makarskoj nadbiskupiji, Gradu Trilju i brojnim dobro\u010diniteljima, u sredi\u0161tu<\/p>\n","protected":false},"author":1,"featured_media":0,"parent":0,"menu_order":0,"comment_status":"closed","ping_status":"closed","template":"","meta":{"ngg_post_thumbnail":0,"spay_email":""},"_links":{"self":[{"href":"https:\/\/zupa.kosute.com.hr\/index.php\/wp-json\/wp\/v2\/pages\/698"}],"collection":[{"href":"https:\/\/zupa.kosute.com.hr\/index.php\/wp-json\/wp\/v2\/pages"}],"about":[{"href":"https:\/\/zupa.kosute.com.hr\/index.php\/wp-json\/wp\/v2\/types\/page"}],"author":[{"embeddable":true,"href":"https:\/\/zupa.kosute.com.hr\/index.php\/wp-json\/wp\/v2\/users\/1"}],"replies":[{"embeddable":true,"href":"https:\/\/zupa.kosute.com.hr\/index.php\/wp-json\/wp\/v2\/comments?post=698"}],"version-history":[{"count":1,"href":"https:\/\/zupa.kosute.com.hr\/index.php\/wp-json\/wp\/v2\/pages\/698\/revisions"}],"predecessor-version":[{"id":699,"href":"https:\/\/zupa.kosute.com.hr\/index.php\/wp-json\/wp\/v2\/pages\/698\/revisions\/699"}],"wp:attachment":[{"href":"https:\/\/zupa.kosute.com.hr\/index.php\/wp-json\/wp\/v2\/media?parent=698"}],"curies":[{"name":"wp","href":"https:\/\/api.w.org\/{rel}","templated":true}]}}